ite number?
True
Is 134033 prime?
True
Is 10517 prime?
False
Is 59827 a composite number?
True
Is 2555041 a composite number?
False
Is 8098 a prime number?
False
Is 83645 composite?
True
Is 414717 a prime number?
False
Is 21449 composite?
True
Is 74791 a prime number?
False
Is 43367 a composite number?
True
Is 62191 composite?
False
Is 28729 composite?
False
Is 10997 composite?
True
Is 21377 composite?
False
Is 47857 a composite number?
False
Is 1777205 a composite number?
True
Is 7851 prime?
False
Is 503089 a composite number?
True
Is 72185 prime?
False
Is 50753 composite?
False
Is 3413 prime?
True
Is 901 prime?
False
Is 16847 a composite number?
True
Is 55729 composite?
True
Is 629103 prime?
False
Is 66017 composite?
True
Is 45569 a composite number?
False
Is 6607 a composite number?
False
Is 76463 composite?
False
Is 489415 composite?
True
Is 26759 a prime number?
True
Is 15121 a composite number?
False
Is 1022341 a composite number?
False
Is 408763 composite?
False
Is 2633 prime?
True
Is 293 prime?
True
Is 13033 prime?
True
Is 8887 prime?
True
Is 94889 prime?
True
Is 13253 a prime number?
False
Is 616361 composite?
False
Is 4391 a composite number?
False
Is 15401 composite?
False
Is 84418 prime?
False
Is 1947811 a prime number?
True
Is 353173 a composite number?
False
Is 4022943 a composite number?
True
Is 73949 composite?
True
Is 13487 a composite number?
False
Is 20765 a prime number?
False
Is 71387 a prime number?
True
Is 2455 prime?
False
Is 1293 a composite number?
True
Is 3317 a composite number?
True
Is 34163 composite?
True
Is 7669 prime?
True
Is 14221 prime?
True
Is 8726 composite?
True
Is 407 prime?
False
Is 68851 prime?
False
Is 934391 prime?
False
Is 2393 a composite number?
False
Is 2591 prime?
True
Is 13285 a composite number?
True
Is 361337 prime?
True
Is 101621 a prime number?
False
Is 345489 prime?
False
Is 14273 a composite number?
True
Is 169833 a composite number?
True
Is 3299 a composite number?
False
Is 242591 composite?
False
Is 11983 composite?
True
Is 5033 prime?
False
Is 177467 composite?
False
Is 4265 a composite number?
True
Is 9677 prime?
True
Is 21631 a prime number?
False
Is 785713 prime?
False
Is 1325657 a composite number?
False
Is 27421 a composite number?
True
Is 655049 prime?
False
Is 165793 a composite number?
True
Is 3622 a composite number?
True
Is 538 a composite number?
True
Is 185 prime?
False
Is 23887 a prime number?
True
Is 421909 prime?
False
Is 3149 a prime number?
False
Is 33419 a composite number?
True
Is 419141 a composite number?
False
Is 830062 a prime number?
False
Is 9967 a prime number?
True
Is 122443 prime?
True
Is 508061 a prime number?
False
Is 33247 composite?
False
Is 57917 composite?
False
Is 363259 a prime number?
False
Is 275803 a composite number?
True
Is 31561 a composite number?
True
Is 60943 composite?
False
Is 7435 a composite number?
True
Is 12941 a prime number?
True
Is 355967 composite?
False
Is 38639 composite?
False
Is 1345433 a composite number?
True
Is 92329 a composite number?
True
Is 384143 composite?
False
Is 52001 prime?
False
Is 75427 a composite number?
True
Is 18163 prime?
False
Is 152101 a prime number?
False
Is 446 a prime number?
False
Is 11471 a prime number?
True
Is 78005 prime?
False
Is 1841711 prime?
True
Is 90941 composite?
True
Is 156781 a composite number?
False
Is 67339 composite?
False
Is 3691 a prime number?
True
Is 271797 a prime number?
False
Is 47933 a composite number?
False
Is 181397 composite?
False
Is 697219 a prime number?
False
Is 30631 composite?
False
Is 12289 a composite number?
False
Is 23263 a prime number?
False
Is 87977 a composite number?
False
Is 665039 a prime number?
True
Is 368119 prime?
False
Is 42893 a prime number?
False
Is 179831 prime?
False
Is 2143469 a prime number?
True
Is 235721 a prime number?
False
Is 440031 a composite number?
True
Is 234713 a prime number?
True
Is 22937 composite?
False
Is 409007 prime?
True
Is 210421 composite?
False
Is 439063 a prime number?
True
Is 3202 prime?
False
Is 203117 prime?
True
Is 6421 prime?
True
Is 323641 prime?
True
Is 244537 a composite number?
True
Is 31573 a prime number?
True
Is 8843 a prime number?
False
Is 26479 a prime number?
True
Is 382411 composite?
True
Is 18947 composite?
False
Is 38867 composite?
False
Is 493 composite?
True
Is 3898 prime?
False
Is 5981 a prime number?
True
Is 56587 composite?
True
Is 15989 prime?
False
Is 95279 composite?
False
Is 741803 composite?
False
Is 635 a composite number?
True
Is 310051 prime?
False
Is 120733 a composite number?
True
Is 138239 composite?
False
Is 600791 composite?
False
Is 99353 a prime number?
False
Is 985 a composite number?
True
Is 435881 a prime number?
True
Is 3881 a prime number?
True
Is 632471 composite?
True
Is 7121 a prime number?
True
Is 369147 a prime number?
False
Is 1087 a prime number?
True
Is 102149 a composite number?
False
Is 1243031 a prime number?
False
Is 1817 composite?
True
Is 8683 a composite number?
True
Is 5981 a composite number?
False
Is 25457 composite?
False
Is 59435 a prime number?
False
Is 4030441 prime?
True
Is 54239 composite?
True
Is 6491 a composite number?
False
Is 9181 a prime number?
True
Is 4253 a prime number?
True
Is 474301 prime?
False
Is 470863 prime?
True
Is 1049407 prime?
False
Is 47537 a composite number?
True
Is 72109 a composite number?
False
Is 1327 prime?
True
Is 2371 composite?
False
Is 11519 a prime number?
True
Is 621239 composite?
False
Is 10823 prime?
False
Is 70529 a composite number?
False
Is 24527 a composite number?
False
Is 154519 a prime number?
False
Is 173081 a composite number?
False
Is 15245 a composite number?
True
Is 6113 a prime number?
True
Is 348527 a composite number?
False
Is 70039 prime?
True
Is 5549 prime?
False
Is 20543 composite?
False
Is 363007 prime?
False
Is 241987 prime?
False
Is 84439 composite?
True
Is 8223 composite?
True
Is 29411 a composite number?
False
Is 29597 a composite number?
True
Is 128779 prime?
False
Is 3131 composite?
True
Is 19702 prime?
False
Is 684797 composite?
True
Is 17263 composite?
True
Is 25573 a composite number?
True
Is 6778 composite?
True
Is 572531 composite?
True
Is 5671 prime?
False
Is 7279 a composite number?
True
Is 2436311 a composite number?
False
Is 460337 a composite number?
False
Is 7121 a composite number?
False
Is 11337 composite?
True
Is 4087 prime?
False
Is 23251 a composite number?
False
Is 194963 a prime number?
True
Is 2149111 prime?
True
Is 47921 composite?
True
Is 1259 a composite number?
False
Is 8353 a composite number?
False
Is 707 a composite number?
True
Is 8639 composite?
True
Is 1979 prime?
True
Is 3347 prime?
True
Is 1943 composite?
True
Is 81581 prime?
False
Is 596243 composite?
False
Is 2575949 prime?
False
Is 578701 prime?
True
Is 56339 a prime number?
False
Is 938687 a composite number?
True
Is 18013 a prime number?
True
Is 6029 a composite number?
False
Is 237877 composite?
False
Is 454433 composite?
True
Is 12406 a prime number?
False
Is 549403 prime?
True
Is 1552233 a prime number?
False
Is 250583 composite?
False
Is 3061 a composite number?
False
Is 327 prime?
False
Is 2509 composite?
True
Is 2841 a composite number?
True
Is 138283 a composite number?
False
Is 27901 composite?
False
Is 5147 a composite number?
False
Is 494483 prime?
False
Is 157501 prime?
False
Is 448169 prime?
True
Is 37537 a composite number?
False
Is 2671879 composite?
True
Is 9017 prime?
False
Is 200119 a composite number?
True
Is 34919 composite?
False
Is 40121 composite?
True
Is 783077 a composite number?
False
Is 4327 composite?
False
Is 20507 a composite number?
False
Is 1931 a composite number?
False
Is 431441 prime?
True
Is 347033 prime?
True
Is 10529 a composite number?
False
Is 1148431 a prime number?
False
Is 23159 a composite number?
False
Is 55289 composite?
True
Is 7115 a composite number?
True
Is 226951 composite?
True
Is 48021 a composite number?
True
Is 213691 prime?
False
Is 199637 composite?
False
Is 79505 prime?
False
Is 801833 prime?
True
Is 565 composite?
True
Is 13993 prime?
False
Is 357941 a composite number?
True
Is 25667 composite?
False
Is 25385 prime?
False
Is 736613 a prime number?
False
Is 12187 prime?
False
Is 1315931 prime?
True
Is 3955151 prime?
True
Is 131559 prime?
False
Is 501